e 45369?
True
Is 56 a factor of 14362711?
False
Does 22 divide 38244?
False
Is 411 a factor of 8520?
False
Is 3956526 a multiple of 81?
True
Is 1570229 a multiple of 975?
False
Is 4635 a multiple of 45?
True
Does 172 divide 43468?
False
Is 715848 a multiple of 24?
True
Does 69 divide 688439?
False
Does 12 divide 695580?
True
Is 41 a factor of 107912?
True
Does 77 divide 165590?
False
Does 4 divide 191800?
True
Does 51 divide 2988410?
False
Does 19 divide 119558?
False
Does 22 divide 65256?
False
Is 1148268 a multiple of 22?
True
Is 24 a factor of 109527?
False
Is 410 a factor of 5678090?
True
Is 14 a factor of 256340?
True
Does 115 divide 747845?
True
Is 206220 a multiple of 210?
True
Does 15 divide 159893?
False
Is 1987248 a multiple of 304?
True
Is 11416270 a multiple of 1466?
False
Is 58905 a multiple of 21?
True
Does 15 divide 465796?
False
Is 213 a factor of 247293?
True
Is 50677 a multiple of 11?
True
Is 18 a factor of 561847?
False
Is 17 a factor of 1773100?
True
Is 18229553 a multiple of 23?
False
Is 198852 a multiple of 16?
False
Is 410865 a multiple of 16?
False
Is 776 a factor of 5196485?
False
Is 2 a factor of 43852?
True
Is 3536992 a multiple of 16?
True
Does 440 divide 3220800?
True
Is 529853 a multiple of 582?
False
Is 516232 a multiple of 72?
False
Is 23485602 a multiple of 1666?
True
Does 4 divide 98733?
False
Is 21 a factor of 287711?
False
Is 168709 a multiple of 241?
False
Is 8 a factor of 26336?
True
Is 4554775 a multiple of 25?
True
Is 368767 a multiple of 32?
False
Does 102 divide 71673?
False
Does 35 divide 45465?
True
Is 136749 a multiple of 17?
False
Is 84 a factor of 91476?
True
Is 35 a factor of 91175?
True
Does 10 divide 6029074?
False
Is 20052600 a multiple of 380?
True
Does 95 divide 7668305?
True
Is 12 a factor of 121928?
False
Does 76 divide 1602161?
False
Does 458 divide 2521748?
True
Does 192 divide 801984?
True
Is 4106981 a multiple of 480?
False
Is 1600599 a multiple of 366?
False
Does 6 divide 13021424?
False
Does 50 divide 1700050?
True
Is 166017 a multiple of 166?
False
Is 47 a factor of 97380?
False
Is 46846 a multiple of 27?
False
Is 108183 a multiple of 5?
False
Does 547 divide 4487588?
True
Is 787030 a multiple of 211?
True
Does 10 divide 60989?
False
Is 62 a factor of 28024?
True
Is 6708884 a multiple of 98?
True
Is 1633799 a multiple of 355?
False
Is 2477280 a multiple of 60?
True
Does 273 divide 463827?
True
Is 192 a factor of 2773526?
False
Is 92 a factor of 1059748?
True
Is 15 a factor of 3134220?
True
Does 31 divide 176982?
False
Is 10429260 a multiple of 1210?
False
Does 47 divide 75581?
False
Is 57 a factor of 1309212?
False
Does 161 divide 4283172?
False
Is 95096 a multiple of 6?
False
Is 842897 a multiple of 407?
True
Is 6581006 a multiple of 34?
True
Does 176 divide 13132592?
True
Is 385782 a multiple of 27?
False
Does 480 divide 614880?
True
Is 3159353 a multiple of 544?
False
Is 47 a factor of 2061485?
False
Does 14 divide 35877?
False
Is 7 a factor of 125688?
False
Is 202293 a multiple of 63?
True
Is 1383893 a multiple of 29?
False
Is 3076483 a multiple of 68?
False
Is 6846776 a multiple of 296?
True
Is 8634 a multiple of 102?
False
Is 153985 a multiple of 13?
True
Does 158 divide 12108784?
False
Is 440203 a multiple of 200?
False
Is 163597 a multiple of 4?
False
Is 3162313 a multiple of 4?
False
Is 938046 a multiple of 273?
False
Is 3243051 a multiple of 6?
False
Is 524396 a multiple of 300?
False
Is 20820569 a multiple of 59?
True
Is 182562 a multiple of 186?
False
Is 267816 a multiple of 5?
False
Is 482370 a multiple of 70?
True
Does 220 divide 292249?
False
Does 24 divide 1347516?
False
Is 7786374 a multiple of 70?
False
Is 435 a factor of 578550?
True
Is 452 a factor of 117125?
False
Is 167537 a multiple of 8?
False
Is 6 a factor of 1859700?
True
Does 8 divide 5819800?
True
Is 1399733 a multiple of 296?
False
Is 44 a factor of 24860?
True
Does 25 divide 11842642?
False
Is 641 a factor of 3592450?
False
Is 1993242 a multiple of 31?
False
Does 92 divide 55552?
False
Is 59 a factor of 8940447?
True
Is 11 a factor of 4913722?
True
Is 1415480 a multiple of 44?
True
Does 36 divide 8939551?
False
Is 2553343 a multiple of 180?
False
Is 15 a factor of 136230?
True
Is 3591227 a multiple of 18?
False
Does 6 divide 953585?
False
Is 22 a factor of 119686?
False
Is 637 a factor of 767585?
True
Is 7208000 a multiple of 1696?
True
Does 9 divide 257203?
False
Is 3062744 a multiple of 50?
False
Is 2013647 a multiple of 26?
False
Is 26 a factor of 538954?
True
Is 5296050 a multiple of 135?
True
Is 277 a factor of 62879?
True
Is 9 a factor of 231840?
True
Is 103 a factor of 211593?
False
Does 151 divide 44998?
True
Is 84 a factor of 998844?
True
Is 853484 a multiple of 526?
False
Is 39 a factor of 113334?
True
Does 196 divide 469812?
True
Is 221 a factor of 9280011?
True
Is 39 a factor of 5682?
False
Does 33 divide 6322?
False
Does 17 divide 390277?
False
Is 1730265 a multiple of 3?
True
Is 94335 a multiple of 57?
True
Does 15 divide 70036?
False
Is 282633 a multiple of 29?
False
Is 68 a factor of 636616?
True
Is 372 a factor of 114948?
True
Is 1009 a factor of 5005649?
True
Does 16 divide 77111?
False
Does 32 divide 151907?
False
Does 48 divide 2236336?
False
Is 5 a factor of 1485735?
True
Is 1098504 a multiple of 18?
True
Is 47772 a multiple of 345?
False
Is 636496 a multiple of 7?
True
Is 25 a factor of 3651733?
False
Is 31 a factor of 70949?
False
Is 14 a factor of 3237108?
True
Is 8 a factor of 1276398?
False
Is 31 a factor of 82955?
False
Is 1525221 a multiple of 31?
False
Is 74 a factor of 1694731?
False
Is 26 a factor of 651473?
False
Does 94 divide 32806?
True
Is 8 a factor of 198006?
False
Is 54 a factor of 5918191?
False
Is 5 a factor of 21752?
False
Is 914146 a multiple of 254?
True
Is 9 a factor of 7177968?
True
Does 585 divide 102375?
True
Is 19 a factor of 1183509?
False
Is 8837934 a multiple of 252?
False
Does 5 divide 53372?
False
Is 80867 a multiple of 5?
False
Does 63 divide 245133?
True
Is 67773 a multiple of 118?
False
Is 18 a factor of 298296?
True
Does 150 divide 7277250?
True
Is 2012215 a multiple of 9?
False
Is 7665 a multiple of 11?
False
Does 207 divide 89010?
True
Is 21 a factor of 649530?
True
Is 19534 a multiple of 3?
False
Is 6165670 a multiple of 70?
True
Is 270810 a multiple of 27?
True
Does 15 divide 2536845?
True
Is 2072168 a multiple of 135?
False
Does 46 divide 2537728?
True
Does 186 divide 2898702?
False
Is 3 a factor of 195956?
False
Is 407238 a multiple of 227?
True
Does 5 divide 73532?
False
Is 33 a factor of 269313?
True
Does 304 divide 529872?
True
Does 10 divide 327789?
False
Does 65 divide 18152875?
True
Is 39480 a multiple of 28?
True
Is 22 a factor of 686642?
True
Is 12614 a multiple of 9?
False
Does 142 divide 1324310?
False
Is 645327 a multiple of 89?
False
Is 89 a factor of 287880?
False
Is 189 a factor of 7345107?
True
Is 1038605 a multiple of 179?
False
Is 986693 a multiple of 165?
False
Is 436 a factor of 456928?
True
Is 94 a factor of 2037735?
False
Is 47 a factor of 109499?
False
Is 6348810 a multiple of 7?
False
Is 691800 a multiple of 300?
True
Is 506 a factor of 195822?
True
Does 308 divide 1984136?
True
Is 8540490 a multiple of 42?
True
Does 410 divide 9079040?
True
Is 136268 a multiple of 104?
False
Does 31 divide 413854?
False
Is 94 a factor of 22839180?
True
Does 11 divide 2884673?
True
Is 70407 a multiple of 36?
False
Is 124 a factor of 628416?
False
Does 114 divide 387815?
False
Is 166562 a multiple of 3?
False
Is 169189 a multiple of 12?
False
Is 7171 a multiple of 354?
False
Does 50 divide 22973450?
True
Is 212380 a multiple of 14?
True
Does 10 divide 3556610?
True
Does 217 divide 479353?
True
Does 504 divide 261072?
True
Is 272 a factor of 405824?
True
Is 772418 a multiple of 393?
False
Is 87974 a multiple of 28?
False
Is 33 a factor of 1714840?
False
Is 1162 a factor of 2501654?
False
Does 85 divide 303450?
True
Is 251 a factor of 202447?
False
Is 253 a factor of 421498?
True
Is 204234 a multiple of 58?
False
Is 154 a factor of 375654?
False
Does 11 divide 3531?
True
Is 35 a factor of 1463332?
False
Does 53 divide 18218?
False
Is 501 a factor of 2429053?
False
Is 8 a factor of 2272591?
False
Is 167 a factor of 122014?
False
Is 20